t common factor of l and r.
5
Let v = 32 + -12. Calculate the highest common divisor of 100 and v.
20
Let q = 196 - 98. Calculate the highest common factor of q and 14.
14
Let v be 183/8 + 44/352. Let a(y) = 114*y**2 + y. Let n be a(1). Calculate the highest common factor of v and n.
23
Let d(p) = -5*p - 18. Let w be d(-4). What is the highest common factor of 16 and w?
2
Suppose -1 = s - 5*y, 4 = -s - 2*y + 4*y. Let k be (-2)/s*(5 + 1). Calculate the greatest common divisor of k and 3.
1
Let t = 164 + -89. Calculate the greatest common factor of t and 15.
15
Let v(l) = 3*l**2 - 2*l + 1. Suppose -5*o - 15 = 5*c, c + 2*o + 9 = 2*c. Let k be v(c). Let r = 108 + -106. Calculate the highest common divisor of r and k.
2
Suppose -5*z + 122 = -128. Suppose 4*f + 2*t = 44, 3*f + 5*t - 60 = -2*f. What is the highest common divisor of z and f?
10
Suppose 0 = -v + 6 - 1. Suppose 304 = v*w - a, w + 0*w - 5*a = 80. Calculate the highest common factor of 24 and w.
12
Let s be (-4)/12*(2 - 11). Suppose 3*q - 2*p - s*p = 25, -2*p - 8 = -q. What is the highest common factor of q and 90?
10
Suppose -2*a + 5*a = 60. Let c be -2 - (0 + -2 + -60). What is the greatest common divisor of a and c?
20
Let q(i) = i**3 - 6*i**2 - 3*i - 8. Let j be q(7). What is the greatest common factor of j and 8?
4
Suppose 5*l = l, 2*t - 4*l - 28 = 0. Let o = t + -8. Calculate the greatest common factor of 42 and o.
6
Suppose 0 = -2*a + 5*a + 45. Let d = 21 + a. Calculate the highest common factor of d and 1.
1
Suppose 6*n = -184 + 484. What is the greatest common factor of 10 and n?
10
Suppose 90 = 20*t - 19*t. Suppose 5*q - 38 = 12. Calculate the highest common divisor of t and q.
10
Let f = 29 + -25. What is the greatest common factor of 2 and f?
2
Suppose -93*c = -97*c + 828. Calculate the highest common factor of 23 and c.
23
Let w(t) = 6*t**2 + 11*t + 20. Let z be w(-4). Calculate the greatest common divisor of 8 and z.
8
Let a be (-77)/(-11) + (-2 - 1). Calculate the highest common factor of a and 2.
2
Let r(w) = -w**2 + 9*w + 9. Let u be r(9). Suppose 401 = 5*f + 2*n, -2*f - 2*n - 2*n = -154. What is the greatest common factor of f and u?
9
Let p = -13 - -31. What is the greatest common factor of p and 18?
18
Let q be (-1)/(0 + 5/(-160)). What is the highest common divisor of 8 and q?
8
Let u be 104/6 + -6 + 120/18. Calculate the highest common factor of u and 6.
6
Suppose d - 2*k + 1 = 0, d - k - 2 = -1. What is the greatest common factor of d and 21?
3
Let a = -32 - -59. Calculate the highest common factor of a and 18.
9
Let y(l) = l**2 - l + 33. Let z(r) = 2*r. Let k be z(-3). Let w(d) = d + 6. Let t be w(k). Let b be y(t). Calculate the highest common divisor of 22 and b.
11
Let a(r) = -r + 43. Let p be a(13). Calculate the highest common divisor of p and 45.
15
Let p(c) = c**3 + 10*c**2 + 4*c + 7. Suppose -2*j = 5*v - 0*j + 43, -v - 2*j - 15 = 0. Let b be p(v). Calculate the greatest common factor of b and 14.
14
Suppose i - 3*i = -6. Suppose 0*t + t - i = 0. Suppose -2*f = 3*n - 24, -3*f = 3*n - 2*f - 21. What is the highest common factor of n and t?
3
Let w(p) = -p**2 - 17*p + 14. Let b be w(-15). Calculate the greatest common factor of 11 and b.
11
Let m(j) = -21*j - 3. Let c be m(-4). Let w(x) = x**3 - 13*x**2 + x - 4. Let o be w(13). Calculate the highest common factor of o and c.
9
Suppose 0 = 5*o - 191 - 49. Calculate the greatest common divisor of 6 and o.
6
Let t be (2 - (-48)/3)/((-2)/(-41)). What is the greatest common factor of t and 41?
41
Let c = -93 - -205. What is the highest common divisor of 16 and c?
16
Let y(j) = 3*j**3 + 0*j - 4*j**3 - 1 + 11*j**2 + 3*j. Let k be y(11). Calculate the greatest common factor of k and 288.
32
Let l be -6 + 3 - (-2 - (16 - -1)). What is the greatest common factor of 8 and l?
8
Suppose -6*u = -2*u - 64. Suppose -4*c - 100 = -5*w, 4*c - 3*c = -2*w + 53. What is the highest common factor of u and w?
8
Let w be (-315)/(-3) + (-2 - -1). Calculate the highest common divisor of w and 13.
13
Suppose 12 = -4*r + 68. What is the greatest common divisor of 42 and r?
14
Let x be 2/(-3) - (-136)/6. Suppose k = r - 0 - 7, 0 = -k - 5. What is the greatest common divisor of r and x?
2
Let z = 8 + -6. Suppose 3*l - 8*l = 3*a - 159, 0 = -z*l + 5*a + 76. Calculate the greatest common divisor of l and 22.
11
Suppose -2*g - w + 99 = 0, 6 = -3*w - 9. Let z(c) = c**3 - 18*c**2 + c - 5. Let n be z(18). What is the highest common divisor of n and g?
13
Suppose 40 = -t + 6*t. Calculate the greatest common factor of 1 and t.
1
Let m = 8 + 3. Suppose 3*a - 4*a = -m. Suppose 2*x + 5*p - 5 - 2 = 0, 0 = 4*x + 4*p - 32. Calculate the greatest common factor of x and a.
11
Suppose z - 42 - 86 = -5*i, 4*i - 16 = 0. What is the highest common factor of z and 27?
27
Suppose -5*a - 5*i = -180, -a - 4*i + 36 = -i. Suppose -3*h + 14 = 5*f, 2*h + 14 = f - 3*h. What is the highest common factor of a and f?
4
Let i = -3 - -3. Suppose -3*n + 53 = 4*z, 5*n - z - 73 = -i*z. Let s(h) = 10*h - 4. Let j be s(1). What is the highest common divisor of j and n?
3
Let t = -25 + 58. Calculate the greatest common factor of t and 22.
11
Let p = 102 + -72. What is the greatest common factor of p and 12?
6
Let l(b) = -9*b - 2. Let j be l(-6). Let s(p) = 22*p**2 - 4*p + 2*p + 3*p - 8*p**2. Let f be s(-1). What is the greatest common factor of f and j?
13
Suppose 5*j = -23 + 68. Let c(x) = -x**3 + 4*x**2 + 7*x - 5. Let d be c(5). Suppose -d*g + 356 - 41 = 0. Calculate the greatest common factor of g and j.
9
Let h be (-11304)/42 + (-2)/(-14). Let w = -188 - h. Calculate the greatest common divisor of 9 and w.
9
Let u(a) = a**2 - a - 2. Let d be u(-2). Let o be (2 - d) + 7 + 0. Suppose -88 = o*w - 6*w. Calculate the highest common divisor of 8 and w.
8
Suppose 6 = -4*a + 54. Calculate the highest common factor of 30 and a.
6
Let u(g) = 3*g**2 + 2*g. Let l be u(3). Let d be ((-24)/30)/(4/(-10)). Suppose 0 = -m - d + 13. Calculate the highest common factor of m and l.
11
Let j be (-1 - (-31 + 1))*1. Let s be (-4)/(-12) - j/(-3). What is the greatest common divisor of 90 and s?
10
Let j(a) = 2*a**2 + 4*a - 2. Let y be j(-4). Let h be (-4)/y - (-114)/7. Let z be (-390)/(-3) - (3 + -1). Calculate the highest common factor of z and h.
16
Let t = -121 - -129. What is the highest common factor of 64 and t?
8
Let q be ((-8)/(-2) - 2)*1. Suppose 3*d = -2*i - q*d + 15, -2*i + 3*d = -7. Suppose -10*f + 855 = 9*f. What is the greatest common factor of i and f?
5
Let t(h) = 2*h - 4*h + 9 + h. Let b be t(7). Suppose -9 = -3*w - 3*f, 12 = 4*w + 3*f + b. What is the greatest common factor of 9 and w?
1
Suppose 2*w - 82 = -4*j, -4*j + 77 = -2*w + 15. Let d be 74/3 + (-12)/j. Let n be 46/4 + 2/4. Calculate the highest common factor of n and d.
12
Let b(k) be the first derivative of k**4/4 + 3*k**3 - k**2/2 - 5*k + 1. Let q be b(-9). Calculate the greatest common divisor of q and 12.
4
Let q(y) = 6*y + 3. Let n be q(6). What is the highest common divisor of n and 26?
13
Suppose -3*f + 27 = -2*f. Calculate the greatest common divisor of f and 189.
27
Let w be (-15)/10*(-40)/6. Calculate the highest common factor of 4 and w.
2
Let t = -144 + 159. What is the highest common factor of 10 and t?
5
Let q(s) = -s**3 + 9*s**2 - 11*s + 1. Let m be q(6). Let j = m - 31. What is the highest common divisor of j and 108?
12
Suppose 0*b = -m - b - 3, 0 = m - 5*b - 27. Suppose 0 = 4*j - 2*a - m*a - 32, 0 = 3*a. Calculate the greatest common divisor of 8 and j.
8
Suppose 3*l - 2 - 1 = 0. Calculate the greatest common divisor of l and 10.
1
Suppose 5*q - 5*b + 20 = 0, 0*q + b - 4 = -5*q. Suppose 0 = 5*i, -4*t = -q*t + 4*i - 120. Calculate the highest common factor of 6 and t.
6
Suppose 0 = -4*i + 5*l - 27, 3*l = -0*i + 2*i + 15. Let n be 39 - (2 + i) - 0. Let p = 5 + 0. What is the highest common divisor of n and p?
5
Suppose 0 = 2*v + 2*s - 28, 5*s - 4*s + 20 = v. What is the greatest common divisor of 85 and v?
17
Let x be (2/(-3))/((-3)/((-3510)/(-20))). What is the greatest common factor of 429 and x?
39
Let b = 14 - -4. What is the greatest common divisor of 90 and b?
18
Let t be 31/6 + 7/(-42). Suppose t*o - 12 = 8. What is the greatest common factor of 12 and o?
4
Let w = -81 + 82. What is the highest com